[INFO] cloning repository https://github.com/FreeMasen/mashton_party_api
[INFO] running `Command { std: "git" "-c" "credential.helper=" "-c" "credential.helper=/workspace/cargo-home/bin/git-credential-null" "clone" "--bare" "https://github.com/FreeMasen/mashton_party_api" "/workspace/cache/git-repos/https%3A%2F%2Fgithub.com%2FFreeMasen%2Fmashton_party_api", kill_on_drop: false }`
[INFO] [stderr] Cloning into bare repository '/workspace/cache/git-repos/https%3A%2F%2Fgithub.com%2FFreeMasen%2Fmashton_party_api'...
[INFO] running `Command { std: "git" "rev-parse" "HEAD", kill_on_drop: false }`
[INFO] [stdout] 96391ed381546167756718187f3eea23e10ba331
[INFO] checking FreeMasen/mashton_party_api against master#af3c6e733a40e671550e0f0f5aeecaa13772ba56 for pr-74989
[INFO] running `Command { std: "git" "clone" "/workspace/cache/git-repos/https%3A%2F%2Fgithub.com%2FFreeMasen%2Fmashton_party_api" "/workspace/builds/worker-1/source", kill_on_drop: false }`
[INFO] [stderr] Cloning into '/workspace/builds/worker-1/source'...
[INFO] [stderr] done.
[INFO] validating manifest of git repo https://github.com/FreeMasen/mashton_party_api on toolchain af3c6e733a40e671550e0f0f5aeecaa13772ba56
[INFO] running `Command { std: "/workspace/cargo-home/bin/cargo" "+af3c6e733a40e671550e0f0f5aeecaa13772ba56" "read-manifest" "--manifest-path" "Cargo.toml", kill_on_drop: false }`
[INFO] started tweaking git repo https://github.com/FreeMasen/mashton_party_api
[INFO] removed workspace from git repo https://github.com/FreeMasen/mashton_party_api
[INFO] removed path dependency data from git repo https://github.com/FreeMasen/mashton_party_api
[INFO] finished tweaking git repo https://github.com/FreeMasen/mashton_party_api
[INFO] tweaked toml for git repo https://github.com/FreeMasen/mashton_party_api written to /workspace/builds/worker-1/source/Cargo.toml
[INFO] crate git repo https://github.com/FreeMasen/mashton_party_api already has a lockfile, it will not be regenerated
[INFO] running `Command { std: "/workspace/cargo-home/bin/cargo" "+af3c6e733a40e671550e0f0f5aeecaa13772ba56" "fetch" "--locked" "--manifest-path" "Cargo.toml", kill_on_drop: false }`
[INFO] [stderr] warning: dependency (data) specified without providing a local path, Git repository, or version to use. This will be considered an error in future versions
[INFO] [stderr]     Updating crates.io index
[INFO] [stderr] error: the lock file /workspace/builds/worker-1/source/Cargo.lock needs to be updated but --locked was passed to prevent this
[INFO] [stderr] If you want to try to generate the lock file without accessing the network, use the --offline flag.
[INFO] the lockfile is outdated, regenerating it
[INFO] running `Command { std: "/workspace/cargo-home/bin/cargo" "+af3c6e733a40e671550e0f0f5aeecaa13772ba56" "generate-lockfile" "--manifest-path" "Cargo.toml" "-Zno-index-update", kill_on_drop: false }`
[INFO] running `Command { std: "/workspace/cargo-home/bin/cargo" "+af3c6e733a40e671550e0f0f5aeecaa13772ba56" "fetch" "--locked" "--manifest-path" "Cargo.toml", kill_on_drop: false }`
[INFO] [stderr] warning: dependency (data) specified without providing a local path, Git repository, or version to use. This will be considered an error in future versions
[INFO] [stderr]     Blocking waiting for file lock on package cache
[INFO] running `Command { std: "docker" "create" "-v" "/var/lib/crater-agent-workspace/builds/worker-1/target:/opt/rustwide/target:rw,Z" "-v" "/var/lib/crater-agent-workspace/builds/worker-1/source:/opt/rustwide/workdir:ro,Z" "-v" "/var/lib/crater-agent-workspace/cargo-home:/opt/rustwide/cargo-home:ro,Z" "-v" "/var/lib/crater-agent-workspace/rustup-home:/opt/rustwide/rustup-home:ro,Z" "-e" "SOURCE_DIR=/opt/rustwide/workdir" "-e" "CARGO_TARGET_DIR=/opt/rustwide/target" "-e" "CARGO_HOME=/opt/rustwide/cargo-home" "-e" "RUSTUP_HOME=/opt/rustwide/rustup-home" "-w" "/opt/rustwide/workdir" "-m" "1610612736" "--user" "0:0" "--network" "none" "rustops/crates-build-env@sha256:d92eaeed33fa75130ca1ee6c8a01d1ffb62bac859dfdfb3450e3e5d1c0146529" "/opt/rustwide/cargo-home/bin/cargo" "+af3c6e733a40e671550e0f0f5aeecaa13772ba56" "metadata" "--no-deps" "--format-version=1", kill_on_drop: false }`
[INFO] [stdout] 7accb4540cbc6e0b0a216247f3550c18a7c96b5976d16e043e8ff12810026071
[INFO] [stderr] WARNING: Your kernel does not support swap limit capabilities or the cgroup is not mounted. Memory limited without swap.
[INFO] running `Command { std: "docker" "start" "-a" "7accb4540cbc6e0b0a216247f3550c18a7c96b5976d16e043e8ff12810026071", kill_on_drop: false }`
[INFO] running `Command { std: "docker" "inspect" "7accb4540cbc6e0b0a216247f3550c18a7c96b5976d16e043e8ff12810026071", kill_on_drop: false }`
[INFO] running `Command { std: "docker" "rm" "-f" "7accb4540cbc6e0b0a216247f3550c18a7c96b5976d16e043e8ff12810026071", kill_on_drop: false }`
[INFO] [stdout] 7accb4540cbc6e0b0a216247f3550c18a7c96b5976d16e043e8ff12810026071
[INFO] running `Command { std: "docker" "create" "-v" "/var/lib/crater-agent-workspace/builds/worker-1/target:/opt/rustwide/target:rw,Z" "-v" "/var/lib/crater-agent-workspace/builds/worker-1/source:/opt/rustwide/workdir:ro,Z" "-v" "/var/lib/crater-agent-workspace/cargo-home:/opt/rustwide/cargo-home:ro,Z" "-v" "/var/lib/crater-agent-workspace/rustup-home:/opt/rustwide/rustup-home:ro,Z" "-e" "SOURCE_DIR=/opt/rustwide/workdir" "-e" "CARGO_TARGET_DIR=/opt/rustwide/target" "-e" "CARGO_INCREMENTAL=0" "-e" "RUST_BACKTRACE=full" "-e" "RUSTFLAGS=--cap-lints=forbid" "-e" "CARGO_HOME=/opt/rustwide/cargo-home" "-e" "RUSTUP_HOME=/opt/rustwide/rustup-home" "-w" "/opt/rustwide/workdir" "-m" "1610612736" "--user" "0:0" "--network" "none" "rustops/crates-build-env@sha256:d92eaeed33fa75130ca1ee6c8a01d1ffb62bac859dfdfb3450e3e5d1c0146529" "/opt/rustwide/cargo-home/bin/cargo" "+af3c6e733a40e671550e0f0f5aeecaa13772ba56" "check" "--frozen" "--all" "--all-targets" "--message-format=json", kill_on_drop: false }`
[INFO] [stdout] fe921b61a1b1a08f5d040da7e96aed3f0ff2ebeb48182a97debf26b35da9fd1c
[INFO] [stderr] WARNING: Your kernel does not support swap limit capabilities or the cgroup is not mounted. Memory limited without swap.
[INFO] running `Command { std: "docker" "start" "-a" "fe921b61a1b1a08f5d040da7e96aed3f0ff2ebeb48182a97debf26b35da9fd1c", kill_on_drop: false }`
[INFO] [stderr] warning: dependency (data) specified without providing a local path, Git repository, or version to use. This will be considered an error in future versions
[INFO] [stderr]    Compiling libc v0.2.77
[INFO] [stderr]     Checking cfg-if v0.1.10
[INFO] [stderr]     Checking lazy_static v1.4.0
[INFO] [stderr]     Checking slab v0.4.2
[INFO] [stderr]     Checking fnv v1.0.7
[INFO] [stderr]    Compiling syn v1.0.40
[INFO] [stderr]     Checking matches v0.1.8
[INFO] [stderr]     Checking rustc-demangle v0.1.16
[INFO] [stderr]    Compiling version_check v0.9.2
[INFO] [stderr]     Checking quick-error v1.2.3
[INFO] [stderr]     Checking opaque-debug v0.2.3
[INFO] [stderr]     Checking match_cfg v0.1.0
[INFO] [stderr]    Compiling syn v0.15.44
[INFO] [stderr]    Compiling serde v1.0.116
[INFO] [stderr]    Compiling bitflags v1.2.1
[INFO] [stderr]     Checking arc-swap v0.4.7
[INFO] [stderr]     Checking itoa v0.4.6
[INFO] [stderr]     Checking regex-syntax v0.6.18
[INFO] [stderr]    Compiling httparse v1.3.4
[INFO] [stderr]     Checking mime v0.3.16
[INFO] [stderr]     Checking percent-encoding v2.1.0
[INFO] [stderr]     Checking dtoa v0.4.6
[INFO] [stderr]     Checking base64 v0.12.3
[INFO] [stderr]     Checking termcolor v1.1.0
[INFO] [stderr]     Checking language-tags v0.2.2
[INFO] [stderr]     Checking data v0.0.0
[INFO] [stderr]     Checking uuid v0.5.1
[INFO] [stderr]     Checking rand_core v0.3.1
[INFO] [stderr]    Compiling indexmap v1.6.0
[INFO] [stderr]     Checking tower-service v0.1.0
[INFO] [stderr]    Compiling nom v4.2.3
[INFO] [stderr]    Compiling miniz-sys v0.1.12
[INFO] [stderr]    Compiling brotli-sys v0.3.2
[INFO] [stderr]    Compiling actix-web v0.7.19
[INFO] [stderr]     Checking owning_ref v0.4.1
[INFO] [stderr]     Checking lru-cache v0.1.2
[INFO] [stderr]     Checking unicode-bidi v0.3.4
[INFO] [stderr]     Checking tokio-sync v0.1.8
[INFO] [stderr]     Checking crossbeam-utils v0.6.6
[INFO] [stderr]     Checking thread_local v1.0.1
[INFO] [stderr]     Checking humantime v1.3.0
[INFO] [stderr]     Checking log v0.4.11
[INFO] [stderr]     Checking rand_xorshift v0.1.1
[INFO] [stderr]     Checking rand_isaac v0.1.1
[INFO] [stderr]     Checking rand_hc v0.1.0
[INFO] [stderr]     Checking crc32fast v1.2.0
[INFO] [stderr]     Checking smallvec v0.6.13
[INFO] [stderr]     Checking crossbeam-utils v0.7.2
[INFO] [stderr]     Checking lock_api v0.1.5
[INFO] [stderr]    Compiling unicase v2.6.0
[INFO] [stderr]    Compiling parking_lot_core v0.4.0
[INFO] [stderr]     Checking aho-corasick v0.7.13
[INFO] [stderr]     Checking rand_chacha v0.1.1
[INFO] [stderr]     Checking digest v0.8.1
[INFO] [stderr]     Checking universal-hash v0.3.0
[INFO] [stderr]     Checking block-cipher-trait v0.6.2
[INFO] [stderr]     Checking crypto-mac v0.7.0
[INFO] [stderr]     Checking aead v0.2.0
[INFO] [stderr]     Checking block-buffer v0.7.3
[INFO] [stderr]     Checking idna v0.1.5
[INFO] [stderr]     Checking crossbeam-channel v0.3.9
[INFO] [stderr]     Checking polyval v0.3.3
[INFO] [stderr]     Checking aes-soft v0.3.3
[INFO] [stderr]     Checking hmac v0.7.1
[INFO] [stderr]     Checking tokio-executor v0.1.10
[INFO] [stderr]     Checking crossbeam-epoch v0.8.2
[INFO] [stderr]     Checking crossbeam-queue v0.2.3
[INFO] [stderr]     Checking sha2 v0.8.2
[INFO] [stderr]     Checking ghash v0.2.3
[INFO] [stderr]     Checking hkdf v0.8.0
[INFO] [stderr]     Checking aes v0.3.2
[INFO] [stderr]     Checking tokio-timer v0.2.13
[INFO] [stderr]     Checking tokio-current-thread v0.1.7
[INFO] [stderr]     Checking iovec v0.1.4
[INFO] [stderr]     Checking num_cpus v1.13.0
[INFO] [stderr]     Checking net2 v0.2.35
[INFO] [stderr]     Checking parking_lot_core v0.6.2
[INFO] [stderr]     Checking rand_os v0.1.3
[INFO] [stderr]     Checking backtrace v0.3.50
[INFO] [stderr]     Checking rand v0.5.6
[INFO] [stderr]     Checking socket2 v0.3.15
[INFO] [stderr]     Checking hostname v0.3.1
[INFO] [stderr]     Checking getrandom v0.1.15
[INFO] [stderr]     Checking signal-hook-registry v1.2.1
[INFO] [stderr]     Checking time v0.1.44
[INFO] [stderr]     Checking atty v0.2.14
[INFO] [stderr]     Checking url v1.7.2
[INFO] [stderr]     Checking crossbeam-deque v0.7.3
[INFO] [stderr]     Checking aes-gcm v0.5.0
[INFO] [stderr]     Checking bytes v0.4.12
[INFO] [stderr]     Checking futures-cpupool v0.1.8
[INFO] [stderr]    Compiling mime_guess v2.0.3
[INFO] [stderr]     Checking rand v0.6.5
[INFO] [stderr]     Checking resolv-conf v0.6.3
[INFO] [stderr]     Checking parking_lot v0.9.0
[INFO] [stderr]     Checking mio v0.6.22
[INFO] [stderr]     Checking flate2 v1.0.17
[INFO] [stderr]     Checking rand_core v0.5.1
[INFO] [stderr]     Checking tokio-threadpool v0.1.18
[INFO] [stderr]     Checking rand_chacha v0.2.2
[INFO] [stderr]     Checking tokio-io v0.1.13
[INFO] [stderr]     Checking string v0.2.1
[INFO] [stderr]     Checking http v0.1.21
[INFO] [stderr]     Checking rand v0.7.3
[INFO] [stderr]     Checking regex v1.3.9
[INFO] [stderr]     Checking tokio-codec v0.1.2
[INFO] [stderr]     Checking tokio-fs v0.1.7
[INFO] [stderr]     Checking tokio-reactor v0.1.12
[INFO] [stderr]     Checking mio-uds v0.6.8
[INFO] [stderr]     Checking uuid v0.7.4
[INFO] [stderr]     Checking tokio-udp v0.1.6
[INFO] [stderr]     Checking tokio-tcp v0.1.4
[INFO] [stderr]     Checking tokio-uds v0.2.7
[INFO] [stderr]     Checking tokio-signal v0.2.9
[INFO] [stderr]     Checking parking_lot v0.7.1
[INFO] [stderr]     Checking cookie v0.11.3
[INFO] [stderr]     Checking tokio v0.1.22
[INFO] [stderr]    Compiling synstructure v0.12.4
[INFO] [stderr]     Checking env_logger v0.5.13
[INFO] [stderr]     Checking h2 v0.1.26
[INFO] [stderr]     Checking brotli2 v0.3.2
[INFO] [stderr]     Checking serde_urlencoded v0.5.5
[INFO] [stderr]     Checking serde_json v1.0.57
[INFO] [stderr]    Compiling failure_derive v0.1.8
[INFO] [stderr]    Compiling v_escape_derive v0.5.6
[INFO] [stderr]    Compiling actix_derive v0.3.2
[INFO] [stderr]     Checking failure v0.1.8
[INFO] [stderr]     Checking trust-dns-proto v0.6.3
[INFO] [stderr]     Checking trust-dns-proto v0.5.0
[INFO] [stderr]     Checking v_escape v0.7.4
[INFO] [stderr]     Checking v_htmlescape v0.4.5
[INFO] [stderr]     Checking trust-dns-resolver v0.10.3
[INFO] [stderr]     Checking actix v0.7.9
[INFO] [stderr]     Checking actix-net v0.2.6
[INFO] [stderr]     Checking mashton_party_api v0.1.0 (/opt/rustwide/workdir)
[INFO] [stdout] error[E0432]: unresolved import `data::Rsvp`
[INFO] [stdout]   --> src/main.rs:22:5
[INFO] [stdout]    |
[INFO] [stdout] 22 | use data::Rsvp;
[INFO] [stdout]    |     ^^^^^^^^^^ no `Rsvp` in the root
[INFO] [stdout] 
[INFO] [stdout] 
[INFO] [stdout] error[E0425]: cannot find function `get_all_parties` in crate `data`
[INFO] [stdout]   --> src/main.rs:40:34
[INFO] [stdout]    |
[INFO] [stdout] 40 |     if let Some(parties) = data::get_all_parties() {
[INFO] [stdout]    |                                  ^^^^^^^^^^^^^^^ not found in `data`
[INFO] [stdout] 
[INFO] [stdout] 
[INFO] [stdout] error[E0425]: cannot find function `get_rsvps_for` in crate `data`
[INFO] [stdout]   --> src/main.rs:48:32
[INFO] [stdout]    |
[INFO] [stdout] 48 |     if let Some(rsvps) = data::get_rsvps_for(&path.into_inner()) {
[INFO] [stdout]    |                                ^^^^^^^^^^^^^ not found in `data`
[INFO] [stdout] 
[INFO] [stdout] 
[INFO] [stdout] error[E0425]: cannot find function `get_user_for` in crate `data`
[INFO] [stdout]   --> src/main.rs:55:31
[INFO] [stdout]    |
[INFO] [stdout] 55 |     if let Some(user) = data::get_user_for(&path.into_inner()) {
[INFO] [stdout]    |                               ^^^^^^^^^^^^ not found in `data`
[INFO] [stdout] 
[INFO] [stdout] 
[INFO] [stdout] error[E0425]: cannot find function `update_rsvp` in crate `data`
[INFO] [stdout]   --> src/main.rs:63:34
[INFO] [stdout]    |
[INFO] [stdout] 63 |     if let Some(parties) = data::update_rsvp(&body.into_inner()) {
[INFO] [stdout]    |                                  ^^^^^^^^^^^ not found in `data`
[INFO] [stdout] 
[INFO] [stdout] 
[INFO] [stdout] error[E0432]: unresolved import `data::Rsvp`
[INFO] [stdout]   --> src/main.rs:22:5
[INFO] [stdout]    |
[INFO] [stdout] 22 | use data::Rsvp;
[INFO] [stdout]    |     ^^^^^^^^^^ no `Rsvp` in the root
[INFO] [stdout] 
[INFO] [stdout] 
[INFO] [stdout] error[E0425]: cannot find function `get_all_parties` in crate `data`
[INFO] [stdout]   --> src/main.rs:40:34
[INFO] [stdout]    |
[INFO] [stdout] 40 |     if let Some(parties) = data::get_all_parties() {
[INFO] [stdout]    |                                  ^^^^^^^^^^^^^^^ not found in `data`
[INFO] [stdout] 
[INFO] [stdout] 
[INFO] [stdout] error[E0425]: cannot find function `get_rsvps_for` in crate `data`
[INFO] [stdout]   --> src/main.rs:48:32
[INFO] [stdout]    |
[INFO] [stdout] 48 |     if let Some(rsvps) = data::get_rsvps_for(&path.into_inner()) {
[INFO] [stdout]    |                                ^^^^^^^^^^^^^ not found in `data`
[INFO] [stdout] 
[INFO] [stdout] 
[INFO] [stdout] error[E0425]: cannot find function `get_user_for` in crate `data`
[INFO] [stdout]   --> src/main.rs:55:31
[INFO] [stdout]    |
[INFO] [stdout] 55 |     if let Some(user) = data::get_user_for(&path.into_inner()) {
[INFO] [stdout]    |                               ^^^^^^^^^^^^ not found in `data`
[INFO] [stdout] 
[INFO] [stdout] 
[INFO] [stdout] error[E0425]: cannot find function `update_rsvp` in crate `data`
[INFO] [stdout]   --> src/main.rs:63:34
[INFO] [stdout]    |
[INFO] [stdout] 63 |     if let Some(parties) = data::update_rsvp(&body.into_inner()) {
[INFO] [stdout]    |                                  ^^^^^^^^^^^ not found in `data`
[INFO] [stdout] 
[INFO] [stdout] 
[INFO] [stdout] error[E0277]: the trait bound `fn(actix_web::Path<Uuid>) -> impl Responder {user_invite}: actix_web::with::WithFactory<_, (), _>` is not satisfied
[INFO] [stdout]   --> src/main.rs:30:89
[INFO] [stdout]    |
[INFO] [stdout] 30 |                 .resource("/api/user/invite/{id}", |r| r.method(http::Method::GET).with(user_invite))
[INFO] [stdout]    |                                                                                         ^^^^^^^^^^^ the trait `actix_web::with::WithFactory<_, (), _>` is not implemented for `fn(actix_web::Path<Uuid>) -> impl Responder {user_invite}`
[INFO] [stdout] 
[INFO] [stdout] 
[INFO] [stdout] error[E0277]: the trait bound `fn(Json<[type error]>) -> impl Responder {update_rsvp}: actix_web::with::WithFactory<_, (), _>` is not satisfied
[INFO] [stdout]   --> src/main.rs:31:78
[INFO] [stdout]    |
[INFO] [stdout] 31 |                 .resource("/api/rsvp", |r| r.method(http::Method::POST).with(update_rsvp))
[INFO] [stdout]    |                                                                              ^^^^^^^^^^^ the trait `actix_web::with::WithFactory<_, (), _>` is not implemented for `fn(Json<[type error]>) -> impl Responder {update_rsvp}`
[INFO] [stdout] 
[INFO] [stdout] 
[INFO] [stdout] error[E0277]: the trait bound `fn(actix_web::Path<Uuid>) -> impl Responder {rsvps}: actix_web::with::WithFactory<_, (), _>` is not satisfied
[INFO] [stdout]   --> src/main.rs:32:85
[INFO] [stdout]    |
[INFO] [stdout] 32 |                 .resource("/api/rsvps/{token}",|r| r.method(http::Method::GET).with(rsvps))
[INFO] [stdout]    |                                                                                     ^^^^^ the trait `actix_web::with::WithFactory<_, (), _>` is not implemented for `fn(actix_web::Path<Uuid>) -> impl Responder {rsvps}`
[INFO] [stdout] 
[INFO] [stdout] 
[INFO] [stdout] error: aborting due to 8 previous errors
[INFO] [stdout] 
[INFO] [stdout] 
[INFO] [stdout] Some errors have detailed explanations: E0277, E0425, E0432.
[INFO] [stdout] 
[INFO] [stdout] For more information about an error, try `rustc --explain E0277`.
[INFO] [stdout] 
[INFO] [stderr] error: could not compile `mashton_party_api`.
[INFO] [stderr] 
[INFO] [stderr] To learn more, run the command again with --verbose.
[INFO] [stderr] warning: build failed, waiting for other jobs to finish...
[INFO] [stdout] error[E0277]: the trait bound `fn(actix_web::Path<Uuid>) -> impl Responder {user_invite}: actix_web::with::WithFactory<_, (), _>` is not satisfied
[INFO] [stdout]   --> src/main.rs:30:89
[INFO] [stdout]    |
[INFO] [stdout] 30 |                 .resource("/api/user/invite/{id}", |r| r.method(http::Method::GET).with(user_invite))
[INFO] [stdout]    |                                                                                         ^^^^^^^^^^^ the trait `actix_web::with::WithFactory<_, (), _>` is not implemented for `fn(actix_web::Path<Uuid>) -> impl Responder {user_invite}`
[INFO] [stdout] 
[INFO] [stdout] 
[INFO] [stdout] error[E0277]: the trait bound `fn(actix_web::Json<[type error]>) -> impl Responder {update_rsvp}: actix_web::with::WithFactory<_, (), _>` is not satisfied
[INFO] [stdout]   --> src/main.rs:31:78
[INFO] [stdout]    |
[INFO] [stdout] 31 |                 .resource("/api/rsvp", |r| r.method(http::Method::POST).with(update_rsvp))
[INFO] [stdout]    |                                                                              ^^^^^^^^^^^ the trait `actix_web::with::WithFactory<_, (), _>` is not implemented for `fn(actix_web::Json<[type error]>) -> impl Responder {update_rsvp}`
[INFO] [stdout] 
[INFO] [stdout] 
[INFO] [stdout] error[E0277]: the trait bound `fn(actix_web::Path<Uuid>) -> impl Responder {rsvps}: actix_web::with::WithFactory<_, (), _>` is not satisfied
[INFO] [stdout]   --> src/main.rs:32:85
[INFO] [stdout]    |
[INFO] [stdout] 32 |                 .resource("/api/rsvps/{token}",|r| r.method(http::Method::GET).with(rsvps))
[INFO] [stdout]    |                                                                                     ^^^^^ the trait `actix_web::with::WithFactory<_, (), _>` is not implemented for `fn(actix_web::Path<Uuid>) -> impl Responder {rsvps}`
[INFO] [stdout] 
[INFO] [stdout] 
[INFO] [stdout] error: aborting due to 8 previous errors
[INFO] [stdout] 
[INFO] [stdout] 
[INFO] [stdout] Some errors have detailed explanations: E0277, E0425, E0432.
[INFO] [stdout] 
[INFO] [stdout] For more information about an error, try `rustc --explain E0277`.
[INFO] [stdout] 
[INFO] [stderr] error: build failed
[INFO] running `Command { std: "docker" "inspect" "fe921b61a1b1a08f5d040da7e96aed3f0ff2ebeb48182a97debf26b35da9fd1c", kill_on_drop: false }`
[INFO] running `Command { std: "docker" "rm" "-f" "fe921b61a1b1a08f5d040da7e96aed3f0ff2ebeb48182a97debf26b35da9fd1c", kill_on_drop: false }`
[INFO] [stdout] fe921b61a1b1a08f5d040da7e96aed3f0ff2ebeb48182a97debf26b35da9fd1c
